at is the tens digit of y?
3
Suppose 2*b = 4*q - 4908, -q - 3*b = -5*b - 1221. What is the thousands digit of q?
1
Let m = -50 + 52. What is the units digit of m*1*(-63)/(-6)?
1
Let s(z) be the first derivative of -3/2*z**2 - 2*z + 7/3*z**3 + 6. What is the units digit of s(3)?
2
Suppose -5*q + 3*j = -26, -3*q + 11 = -q - j. Let p(a) = 7*a - 4. Let r(y) = -15*y + 9. Let w(i) = q*p(i) + 3*r(i). What is the units digit of w(2)?
7
What is the tens digit of (3/4 - (-3)/(-12))*5366?
8
Suppose -5*j + 9152 = m, 184*j + 3677 = 186*j - 5*m. What is the units digit of j?
1
Suppose 0 = -19*i + 11544 + 15208. What is the thousands digit of i?
1
Let t be ((-34)/(-85))/((-1)/25). Let o = 3 + t. Let j(w) = -w**3 - 7*w**2 - 2*w + 7. What is the tens digit of j(o)?
2
Suppose -15*w = -19*w + 8. Suppose 5*j = 4*v - 7*v + 10, -5*j = -5*v + 30. Suppose 476 = v*a + w*a. What is the units digit of a?
8
Let k(r) be the third derivative of r**5/5 + r**4/8 + 5*r**3/6 + 2*r**2. Let t(b) be the first derivative of k(b). What is the units digit of t(2)?
1
Let l be 4/(-14) + 312/14. Suppose 3*o + 2 = 26. What is the units digit of l*(-4)/o*-1?
1
Let y(w) = -w - 11. Let o be ((0 - -6) + -2)/(-1). Let g be y(o). What is the units digit of g/(-14) - 5/(-2)?
3
Let h(l) = 24*l**2 + 2*l + 3. Let j be h(-1). Let b = j - 15. What is the units digit of (-4)/b - (-735)/25?
9
Let y be ((-3)/21*4)/((-16)/56). Suppose 30 = -0*f + 2*f. Let h = f - y. What is the tens digit of h?
1
Suppose -3*p = 2*z - 644, 0*p = 2*p - 5*z - 404. Suppose 3*f - 5*x - p = -f, -f + 2*x + 53 = 0. What is the tens digit of f?
5
Let c = -2543 + 3951. What is the units digit of c?
8
Let m = -276 + 558. Suppose -3*n - m = -5*n. Let s = n + -86. What is the units digit of s?
5
Let t be 8 - 7 - (1 + -8). Suppose 6*s = t*s - 4. Suppose -5*k - a + 137 = 0, 0*k - s*a + 58 = 2*k. What is the units digit of k?
7
Let f = 291 - 167. What is the units digit of f?
4
Suppose 1590 = 12*d - 11826. What is the hundreds digit of d?
1
Let o = 0 + -12. Let s be (-2)/o - 315/(-54). Suppose -c = -3 + s, 0 = 4*f + 3*c - 15. What is the units digit of f?
6
Suppose -g + 0*g = 2*p + 6, 3*g - 3*p + 36 = 0. Let q(d) = d**2 + 9*d - 9. Let x be q(g). Let w = x + 4. What is the units digit of w?
5
Let f = 26 - 8. What is the units digit of (-190)/30*f/(-2)?
7
Let r be (27/4)/((-7)/28). Let l = 47 + r. What is the tens digit of l?
2
Let a = 217 - 489. Let v = a + 528. Suppose -3*t - t + 248 = -2*i, -v = -4*t + 4*i. What is the units digit of t?
0
Let y(o) = -197*o**2 - 7. Let x be y(-3). Let z be x/11 - (-16)/(-88). What is the units digit of (z/(-12))/((-2)/(-4))?
7
Let q(p) = p**2 + 10*p + 12. Let o be q(-9). Let w be (4/5)/(5 - (-496)/(-100)). Suppose -u - o*u + 4*i = 12, -4*i + w = 0. What is the units digit of u?
2
Let a be 0 - ((-8)/(-4) + -5). Suppose -4*s + 9 = 3*k - a, -s + 3*k = 12. Suppose s = -q - 0*b - 4*b + 40, b = 3*q - 55. What is the tens digit of q?
2
Suppose 13 = -f - 5*y - 41, y = 4*f + 132. Suppose -3*v = -0*g + 4*g - 174, -5*g = -4*v + 263. Let a = v + f. What is the tens digit of a?
2
Let t = 7764 + -4427. What is the thousands digit of t?
3
Suppose n = s - 0*s + 2, -4*s + n + 4 = 0. Suppose 0 = w - 3*m - 1, w - 5*m - 32 = -31. Suppose -l = 4*z - 1, -l + w = s*z - 4*z. What is the units digit of l?
1
Let z(b) = 80*b**2 - 2*b - 7. What is the hundreds digit of z(-3)?
7
Let i(c) = -c**2 - 19*c + 17. Let b be i(-16). Let m = -36 + b. What is the tens digit of m?
2
Let y(p) = p + 2. Let j be y(0). Let t(g) = -14*g**2 + 3*g + 12*g**2 - g**3 - j*g. What is the units digit of t(-3)?
6
Suppose -5*u + 5 = -2*l - 0, -2*l + 19 = 3*u. Suppose -46 = -u*b + 269. What is the hundreds digit of b?
1
Let h(s) = 34*s**2 + 16*s + 19. What is the tens digit of h(-5)?
8
Let z(q) = q + 12. Let m be z(-24). Let o(w) = -w + 13. Let g be o(0). Let f = g + m. What is the units digit of f?
1
Suppose 0 = 3*o - 4*g - 4126, 5*o + 3*g - 4318 - 2520 = 0. What is the thousands digit of o?
1
What is the units digit of (10 - 1728/(-8))*23?
8
Let f(g) = g**3 - g**2 + 3*g - 4. Let x = -18 - -21. Suppose -x*q = -0*q - 9. What is the tens digit of f(q)?
2
What is the tens digit of (15/(-10) - -1)/(4/(-1240))?
5
Let y = -1610 + 2686. What is the thousands digit of y?
1
Suppose -4*n + 9*n + 490 = 0. Let i = -57 - n. What is the units digit of i?
1
Let z be 0 + -237*(-3)/(-3). What is the units digit of (z/6)/((-2)/4)?
9
Suppose 0 = 5*w + 52 - 2. Let f = -8 - w. Suppose -f*x - 3 = -73. What is the tens digit of x?
3
Let o(b) = 0*b + 13 + 3*b**3 - 7 - 11*b**2 - b**2 + 2*b. What is the units digit of o(5)?
1
Let h(b) = b - 5. Let x be h(11). Suppose -2 = -w - x. What is the tens digit of 89/4 - (-1)/w?
2
Let r be (-1 + -1 - -3)*3. Let s = -46 - -122. Suppose -r*n - n = -s. What is the tens digit of n?
1
Let l be (13/3)/(1/6). Let w = l + 81. What is the tens digit of w?
0
Suppose -42 = 2*p - 12. What is the tens digit of (-7)/((-35)/p) - (-74 + 1)?
7
Let w = 6098 - 2662. What is the units digit of w?
6
Let r = 13 + -6. Let w(n) = n**3 - 8*n**2 + 6*n - 4. Let g be w(r). Let f = -9 - g. What is the units digit of f?
2
Let w be 4/6 + 154/(-33). What is the units digit of (106/w)/(2/(-4))?
3
What is the tens digit of (-387)/(((-10)/20)/(2/4))?
8
Let t be (-1209)/27 + 2/(-9). Let p = 180 + -111. Let z = t + p. What is the units digit of z?
4
Let f(a) = a**2 - 4*a + 1. Let w be f(6). Let k be (-1)/(3/(-21) + 0). Suppose -2*l + k*l = -3*p + w, -5*p + 11 = 3*l. What is the units digit of p?
1
Suppose -f + 12 = -4*f. Let x be -1*(-4)/(-16)*f. What is the units digit of -18*x*8/(-12)?
2
Suppose -3*q + 544 = -2*k, -q - 2*q + 816 = -3*k. Let s = k - -427. What is the units digit of s?
5
Let x(p) = 2*p**2 + 21. What is the units digit of x(0)?
1
Let h = 3123 + -109. What is the hundreds digit of h?
0
Let a(j) = 2*j**2 - 6*j - 38. Let q = -13 - -24. What is the units digit of a(q)?
8
What is the tens digit of (-1 + -4455)/((-46)/23)?
2
Let w(q) = 10*q**3 - 2*q - 1. Let x be w(-1). Let d = -5 - x. Suppose -3*o + 134 - 32 = 4*y, 0 = o - d*y - 34. What is the units digit of o?
4
Let k = 25 - -3. Let q be (-1 - (0 + -1))/2. Suppose q = 2*b + 3*j - 28, -2*b - j = b - k. What is the units digit of b?
8
Let a = -19 + 38. Let v = 19 - a. Suppose 4*t - 22 - 62 = v. What is the tens digit of t?
2
What is the tens digit of -660*(-3)/(-45)*-5?
2
Suppose -q = 6*q + 546. Let k = -15 - q. What is the units digit of k?
3
Let x(t) = 2*t**2 - 3*t + 5. Let w be x(2). Let f be (w/(-3))/(3/(-18)). What is the tens digit of f/105 + (-956)/(-30)?
3
Let g(k) = k**3 + 3*k**2 + k + 1. Let u be g(-2). Let q(t) = 1 + 3*t**3 - 13 - 8*t**2 - u*t - 1 - 2*t**3. What is the units digit of q(9)?
1
Let r(q) be the second derivative of -q**4/12 - 5*q**3/3 - 9*q**2/2 - 7*q - 6. Suppose 0 = -3*w - 0 - 18. What is the units digit of r(w)?
5
Suppose -1018 + 37 = -3*s. Suppose -4*x = -j - 321, -4*x = -0*x + j - s. What is the units digit of x?
1
Suppose -11*t - 145 = -35. What is the hundreds digit of (-20)/t - (4 - 2) - -124?
1
Suppose -2*j + j = -4. Let q be (-3)/(-1 + j/(-8)). Suppose -q*f + v + v = -12, 2*f + 3*v - 32 = 0. What is the tens digit of f?
1
Let q be -1 + 1002/(-8) + (-3)/(-12). What is the hundreds digit of (-4 + (-2 - -6) - q) + -1?
1
Suppose -1006*t + 995*t = -37554. What is the thousands digit of t?
3
Let x be (-3)/(-4*6/(-128)). Let d = 16 + x. Suppose d = -3*r - r + 24. What is the units digit of r?
6
Suppose -7*y - 11 = -165. Let n = y - -1. What is the tens digit of n?
2
Suppose -5*j = 2*p - 2588, 3*p - 6501 = -2*p + 3*j. What is the units digit of p?
9
Let h = 107 - 52. Let s = -28 + h. Let p = -18 + s. What is the units digit of p?
9
What is the units digit of (3 - 2)*11055/(-2 + 7)?
1
Let t be 1*(4 + 3 + -5). Suppose -t*r = 8, -3*r - 38 = -u + 34. What is the tens digit of u?
6
Let s(z) = -53*z + 67. What is the hundreds digit of s(-7)?
4
Suppose f + 2 = 0, 3*h + 11841 = 6*h + 3*f. What is the hundreds digit of h?
9
What is the tens digit of 267 + -5 + -4 + -1?
5
Let b(v) = -2*v**3 - v**2 - v - 4. Let z be b(0). What is the tens digit of 868/18 + z/18?
4
Suppose 0 = -12*x + 6*x. Suppose x = -5*g + 4*q + 636, 4*g - 259 = q + 241. What is the hundreds digit of g?
1
Let h(p) = -2*p - 1. S